15) to base 5.
-240
Convert -3 (base 6) to base 12.
-3
0 (base 12) to base 7
0
0 (base 11) to base 9
0
What is 12 (base 7) in base 5?
14
What is -10 (base 6) in base 16?
-6
What is -122 (base 8) in base 5?
-312
Convert 41 (base 15) to base 13.
49
Convert 78 (base 13) to base 4.
1203
16 (base 8) to base 16
e
Convert -13 (base 15) to base 2.
-10010
Convert -10 (base 12) to base 5.
-22
Convert -1 (base 5) to base 16.
-1
10 (base 7) to base 15
7
0 (base 8) to base 10
0
What is -7 (base 9) in base 12?
-7
Convert 3 (base 14) to base 7.
3
356 (base 8) to base 15
10d
Convert 4 (base 15) to base 14.
4
What is 4 (base 10) in base 13?
4
1b (base 16) to base 3
1000
Convert -25 (base 13) to base 16.
-1f
Convert -1 (base 5) to base 16.
-1
Convert 5 (base 6) to base 12.
5
Convert -3 (base 13) to base 8.
-3
What is 12 (base 13) in base 8?
17
-71 (base 13) to base 7
-161
-8 (base 11) to base 10
-8
1 (base 13) to base 9
1
What is 1 (base 15) in base 9?
1
What is 57 (base 11) in base 5?
222
Convert 73 (base 11) to base 3.
2222
Convert 1 (base 12) to base 4.
1
What is -70 (base 13) in base 8?
-133
Convert -11 (base 5) to base 10.
-6
-3 (base 15) to base 13
-3
What is -2 (base 8) in base 11?
-2
What is 343 (base 6) in base 15?
90
100111111 (base 2) to base 6
1251
81 (base 9) to base 11
67
What is -4 (base 14) in base 3?
-11
Convert -231 (base 5) to base 15.
-46
Convert 2b (base 15) to base 8.
51
Convert -216 (base 11) to base 7.
-520
-40 (base 16) to base 10
-64
-41 (base 9) to base 5
-122
10 (base 5) to base 11
5
-233 (base 5) to base 4
-1010
20 (base 3) to base 6
10
What is 1 (base 14) in base 12?
1
Convert -42 (base 9) to base 11.
-35
Convert -14 (base 6) to base 4.
-22
What is 2 (base 12) in base 3?
2
What is 103 (base 4) in base 14?
15
1021 (base 3) to base 8
42
Convert 203 (base 4) to base 13.
29
What is -c (base 15) in base 6?
-20
Convert -11 (base 2) to base 6.
-3
What is 38 (base 11) in base 12?
35
What is 12 (base 14) in base 13?
13
Convert 2 (base 11) to base 2.
10
What is -1 (base 4) in base 14?
-1
Convert -56 (base 13) to base 9.
-78
-6 (base 12) to base 16
-6
3 (base 7) to base 12
3
3 (base 5) to base 6
3
-3 (base 5) to base 8
-3
-48 (base 11) to base 2
-110100
79 (base 13) to base 10
100
Convert 10 (base 8) to base 4.
20
What is 7 (base 16) in base 14?
7
Convert -14 (base 11) to base 14.
-11
37 (base 11) to base 15
2a
Convert 2 (base 11) to base 9.
2
Convert -4 (base 8) to base 2.
-100
-10 (base 5) to base 6
-5
41 (base 5) to base 12
19
Convert -35 (base 8) to base 11.
-27
What is -a (base 14) in base 4?
-22
Convert 0 (base 8) to base 16.
0
Convert -2 (base 4) to base 13.
-2
What is -25 (base 14) in base 4?
-201
What is 51 (base 16) in base 14?
5b
What is 1002 (base 3) in base 13?
23
Convert -111 (base 3) to base 10.
-13
-232 (base 11) to base 7
-544
1022 (base 3) to base 5
120
Convert -1112 (base 3) to base 11.
-38
-1 (base 11) to base 15
-1
-11 (base 16) to base 5
-32
-385 (base 10) to base 11
-320
What is -2 (base 7) in base 5?
-2
c (base 15) to base 16
c
What is 110 (base 3) in base 11?
11
Convert 86 (base 16) to base 15.
8e
-7e (base 16) to base 15
-86
Convert 220 (base 6) to base 5.
314
Convert -2 (base 9) to base 6.
-2
-43 (base 7) to base 2
-11111
What is 120 (base 4) in base 6?
40
What is -27 (base 8) in base 7?
-32
What is -5 (base 16) in base 8?
-5
Convert -10 (base 6) to base 7.
-6
What is -4 (base 14) in base 2?
-100
What is -10110 (base 2) in base 6?
-34
What is 1a (base 14) in base 16?
18
5 (base 7) to base 4
11
What is -3d (base 16) in base 10?
-61
Convert -3 (base 11) to base 16.
-3
What is 1 (base 8) in base 4?
1
-1012 (base 3) to base 14
-24
What is -49 (base 15) in base 10?
-69
What is -8 (base 13) in base 3?
-22
4 (base 5) to base 2
100
-1 (base 16) to base 5
-1
What is 15 (base 11) in base 8?
20
Convert -22 (base 15) to base 12.
-28
-74 (base 10) to base 15
-4e
-203 (base 4) to base 15
-25
-11 (base 10) to base 7
-14
Convert 3 (base 12) to base 8.
3
-3112 (base 5) to base 13
-254
What is -4e (base 15) in base 12?
-62
Convert 2 (base 9) to base 10.
2
What is 4 (base 14) in base 9?
4
What is -1111 (base 2) in base 12?
-13
What is -63 (base 7) in base 8?
-55
Convert -1c1 (base 15) to base 3.
-120001
What is -9 (base 10) in base 8?
-11
What is -41 (base 9) in base 11?
-34
What is 4 (base 15) in base 12?
4
178 (base 9) to base 6
412
Convert -140 (base 5) to base 13.
-36
What is 16 (base 16) in base 15?
17
0 (base 16) to base 12
0
0 (base 8) to base 5
0
Convert -8 (base 15) to base 8.
-10
21 (base 13) to base 16
1b
What is 2111 (base 4) in base 8?
225
What is 0 (base 5) in base 2?
0
What is -1 (base 13) in base 11?
-1
What is 9 (base 15) in base 7?
12
Convert 7 (base 11) to base 13.
7
Convert 11001100 (base 2) to base 9.
246
What is -2 (base 8) in base 3?
-2
What is 631 (base 7) in base 10?
316
-70 (base 9) to base 3
-2100
Convert -10 (base 13) to base 15.
-d
13 (base 14) to base 6
25
-2 (base 12) to base 4
-2
What is 3 (base 11) in base 2?
11
Convert -122 (base 4) to base 3.
-222
Convert c (base 16) to base 15.
c
Convert 14 (base 12) to base 15.
11
-4 (base 14) to base 13
-4
0 (base 5) to base 3
0
What is 1 (base 3) in base 4?
1
Convert -46 (base 10) to base 8.
-56
5 (base 9) to base 12
5
Convert -100001 (base 3) to base 4.
-3310
Convert -e (base 15) to base 12.
-12
-4a (base 15) to base 2
-1000110
-4 (base 16) to base 11
-4
Convert 2 (base 4) to base 8.
2
10121 (base 4) to base 7
551
Convert 0 (base 4) to base 12.
0
What is -8 (base 13) in base 10?
-8
Convert -9 (base 13) to base 3.
-100
Convert 28 (base 11) to base 5.
110
-1 (base 4) to base 5
-1
What is 100 (base 3) in base 9?
10
Convert -1 (base 14) to base 3.
-1
Convert -404 (base 7) to base 13.
-125
1331 (base 6) to base 16
157
-27 (base 9) to base 11
-23
3 (base 5) to base 3
10
101 (base 2) to base 5
10
What is -4 (base 9) in base 15?
-4
-5 (base 11) to base 10
-5
What is -2 (base 13) in base 10?
-2
Convert -2 (base 8) to base 3.
-2
212 (base 4) to base 3
1102
What is 112 (base 9) in base 5?
332
320 (base 4) to base 13
44
What is 1 (base 2) in base 16?
1
-4 (base 9) to base 14
-4
2020 (base 3) to base 15
40
What is -89 (base 12) in base 6?
-253
0 (base 7) to base 8
0
Convert -210 (base 4) to base 2.
-100100
Convert -14 (base 9) to base 14.
-d
1 (base 11) to base 14
1
Convert -26 (base 7) to base 16.
-14
Convert -12 (base 6) to base 5.
-13
-15 (base 10) to base 13
-12
-b (base 15) to base 3
-102
What is -100 (base 2) in base 11?
-4
What is 3 (base 6) in base 10?
3
-4 (base 7) to base 13
-4
Convert 5 (base 8) to base 11.
5
Convert 1 (base 12) to base 15.
1
-27 (base 8) to base 4
-113
93 (base 10) to base 3
10110
Convert 100 (base 2) to base 12.
4
0 (base 12) to base 7
0
c (base 14) to base 3
110
-1010 (base 3) to base 14
-22
-2012 (base 3) to base 10
-59
-1 (base 2) to base 8
-1
Convert 79 (base 10) to base 16.
4f
Convert 153 (base 13) to base 10.
237
Convert 2 (base 16) to base 12.
2
Convert 12 (base 7) to base 6.
13
0 (base 4) to base 15
0
Convert 10001 (base 2) to base 13.
14
5 (base 12) to base 16
5
Convert 2 (base 12) to base 3.
2
What is 1 (base 4) in base 3?
1
What is 1 (base 15) in base 12?
1
What is -3 (base 9) in base 2?
-11
What is -40 (base 10) in base 7?
-55
Convert -1104 (base 5) to base 7.
-310
What is 2a (base 12) in base 6?
54
What is 3 (base 9) in base 14?
3
Convert -10 (base 12) to base 2.
-1100
What is -19 (base 14) in base 13?
-1a
What is -102 (base 10) in base 9?
-123
Convert 2 (base 16) to base 2.
10
10 (base 3) to base 7
3
-3 (base 16) to base 10
-3
8a (base 13) to base 7
222
What is -23 (base 5) in base 8?
-15
111002 (base 3) to base 14
1b3
-7 (base 11) to base 14
-7
What is -bb (base 15) in base 7?
-341
0 (base 8) to base 4
0
Convert 6 (base 15) to base 6.
10
What is 5 (base 15) in base 12?
5
41 (base 14) to base 5
212
17 (base 11) to base 13
15
What is 0 (base 7) in base 12?
0
What is -1 (base 3) in base 14?
-1
2 (base 5) to base 15
2
-6 (base 10) to base 3
-20
Convert 66 (base 9) to base 6.
140
What is 49 (base 14) in base 7?
122
2 (base 5) to base 4
2
What is -222 (base 6) in base 15?
-5b
Convert 31 (base 14) to base 3.
1121
-5 (base 14) to base 16
-5
What is -2 (base 15) in base 7?
-2
What is -10 (base 3) in base 15?
-3
-151 (base 12) to base 